 m.
73, 97
Let y(q) = q**2 + 8. Let o be y(0). Let r be -4 + (-3 - 54/(-3)) + -2. Suppose o*k - r*k = -80. List the prime factors of k.
2, 5
Suppose 4*m = 5*d - 0*d - 17, d + 3*m = 11. Suppose -4*b = -p + 4*p - 831, -d*p = -2*b - 1385. What are the prime factors of p?
277
Suppose -41*j + 44*j = -18. Let a be -1 + j + 4 + -39. Let g = -19 - a. List the prime factors of g.
23
Let r = -15 + 19. Let n be (-13 - -15)/(2/r). Suppose 2*p = -4*c + 532, 0*c - p - 544 = -n*c. What are the prime factors of c?
3, 5
Suppose 4*i - 42234 = 4*c + 40886, -5*c + 83093 = 4*i. What are the prime factors of i?
79, 263
Let k(h) = 16*h**2 + 46*h + 223. Let z be k(-6). Let j = z - 473. List the prime factors of j.
2, 5
Let i(g) = 11*g**2 - 4*g - 2. Let m(o) = o**2 - 2. Let l be m(-3). What are the prime factors of i(l)?
509
Suppose 0 = 4*a - 16, -4*a = 5*s - 2*a - 7248. Let k = s + -822. List the prime factors of k.
2, 313
Let a(g) = -2*g - 16. Let o be a(0). Let f be (-4)/(o/(-10))*-78. Suppose j - 227 = -m, 0 = -2*j + 2*m + f + 247. What are the prime factors of j?
2, 7
Suppose -4 = 17*x - 19*x. Let u be 0/18 + 590/(2/x). Suppose -125 = 5*k - u. List the prime factors of k.
3, 31
Let m(w) = 454*w**2 + 1. Let q be m(-1). Let j = -230 + q. List the prime factors of j.
3, 5
Suppose -4*t + 540 - 3149 = b, -t + 3*b = 649. List the prime factors of 2/6*(-30)/10 - t.
3, 7, 31
Let h be (-379)/(-2) - (-38)/76. Let m = h + 404. List the prime factors of m.
2, 3, 11
List the prime factors of -2 - (1/2)/(15318/(-1392) + 11).
2, 3, 19
Suppose -495*q + 676104 = -469*q. What are the prime factors of q?
2, 3, 11, 197
List the prime factors of 3 + 63/(-21)*-561.
2, 3, 281
Suppose 2*y + 4*x - 48 = 0, 2*y + 4*x + 112 = 5*y. Let g = 36 - y. Suppose 0 = -0*j + g*j - 2*n - 350, 269 = 3*j + 5*n. List the prime factors of j.
2, 11
Let s(q) = 10*q**3 - 4*q**2 + 4*q - 2. Let b = 7 + -5. Let w be s(b). Suppose -2*h = w - 214. List the prime factors of h.
2, 3
Let d = 348 + 2045. List the prime factors of d.
2393
Let l(h) = -12 - 9*h**2 + 2*h + 38 - 17. Let j be l(-4). Let q = j - -227. What are the prime factors of q?
2, 3, 7
Let u(p) = -p**3 + 9*p**2 + 15*p - 36. Let n be u(10). Suppose -381 = -n*v + 123. List the prime factors of v.
2, 3
Suppose -1135748 = -83*u + 609075 + 218044. List the prime factors of u.
3, 7883
Suppose -10015 = -15*c + 14*c + 2*p, 0 = -2*c - 2*p + 20024. List the prime factors of c.
17, 19, 31
Let y(u) = u**3 + 2*u**2 - 111*u + 58. What are the prime factors of y(26)?
2, 5, 7, 23
Suppose -5*u = f - 10 - 3, 19 = 3*f + 5*u. Let x be (-26*(-6)/(-8))/(f/(-54)). Suppose 3*m + 63 = x. What are the prime factors of m?
2, 3
Suppose -2*g + 3*r = -27722, g - 1237 - 12627 = 3*r. List the prime factors of g.
2, 13, 41
Let c be (-1)/3 - 180/(-54). Suppose -1324 + 91 = -c*g. What are the prime factors of g?
3, 137
Let x(a) = -28*a - 12. Let l(z) = -z**2 - 10*z - 17. Let u be l(-7). Suppose 4*n = -3*k + u, 2*n + 2 = -4*k - 6. List the prime factors of x(k).
2, 5
Let f = 13159 - 5241. What are the prime factors of f?
2, 37, 107
Let b(l) = -2*l**3 - 6*l**2 - 96*l - 939. What are the prime factors of b(-21)?
3, 5651
Suppose 1316 = q + 4*q + 3*z, -2*z - 1066 = -4*q. Let j = 584 - q. List the prime factors of j.
11, 29
Suppose 0 = -2*r + 3*k - 963, 1619 = -5*r + 3*k - 784. Let o = r + 878. What are the prime factors of o?
2, 199
Let p = -13484 - -23321. List the prime factors of p.
3, 1093
Let j(y) = -18*y**2 + 4*y - 27. Let r be j(6). Let f = r + 1569. List the prime factors of f.
2, 3, 17
List the prime factors of 9*4/(-6) - (-7 + (7 - 18956)).
2, 5, 379
List the prime factors of (42/35)/((-11)/(-52085)).
2, 3, 947
Suppose -14*q + 17*q - 8*n - 112228 = 0, 2*q = 3*n + 74821. List the prime factors of q.
2, 47, 199
Let x(f) be the third derivative of 2*f**5/15 - 13*f**4/24 - 7*f**3/3 + 42*f**2. List the prime factors of x(-3).
97
Suppose -36*m + 549593 + 842131 = 0. What are the prime factors of m?
67, 577
Suppose 3 = 3*w + 21. What are the prime factors of (5 - 699)*3/w?
347
Let x(t) = 176*t**3 + 1309*t**2 + t + 6. List the prime factors of x(-6).
2, 3, 11, 23
List the prime factors of 1477201/99 + 16/(-72).
43, 347
Suppose -6 - 18 = -8*s. Suppose -u - j = 4, 28 = s*u - j - 4*j. Suppose -i + 4 = u. What are the prime factors of i?
3
Let f = 6516 - -194. List the prime factors of f.
2, 5, 11, 61
Let x = 219168 - 152943. List the prime factors of x.
3, 5, 883
Let w = 337 - 332. Suppose -w*x + 158 = -942. List the prime factors of x.
2, 5, 11
Let w(u) = -u**2 + 16*u - 5. Let k be w(16). Let n(z) be the second derivative of -17*z**3/6 + 5*z**2/2 + 8*z. List the prime factors of n(k).
2, 3, 5
Suppose -9*c - 1124 - 118 = 0. Let y = 142 + c. What are the prime factors of y?
2
Let x be (-9 - 6)/(-2 + -1). Suppose t = -t + 2, x*w - 241 = -t. Let z = w + 93. List the prime factors of z.
3, 47
Let f(y) = 2*y**2 - 8*y - 10. Let w be f(5). Suppose w = -5*u + 20. Suppose -l + 580 = u*l. List the prime factors of l.
2, 29
List the prime factors of (1 + -5)/8 + 176175/18.
9787
Suppose 5*q - 22 = -j, -6*q + 20 = -2*q. Let o(g) = -5*g**3 + g**2 + 3*g + 2. Let d be o(j). Let z = d + -47. List the prime factors of z.
2, 3, 5
Let a(y) = 138*y**2 - 98*y - 49. What are the prime factors of a(9)?
10247
Suppose 14*l = 11*l + 4260. List the prime factors of 1*l/(2 + 2).
5, 71
Suppose -3*i + 5*j = -8*i + 20260, 5*j = 5*i - 20270. Suppose 8*u - i = 3523. List the prime factors of u.
947
Suppose 5*x = 0, -s + 15439 = -3*x - 6220. List the prime factors of s.
11, 179
Let m be (-2348)/20 + 72/(-120). Let w(f) = -5*f + 4. Let s be w(5). Let u = s - m. What are the prime factors of u?
97
Suppose 0 = 75*d - 83966 + 1241. What are the prime factors of d?
1103
Suppose -7*j + 12*j - 10 = 0. Suppose 0 = j*t - 4*y + 3*y + 1, -2*t - 21 = 3*y. What are the prime factors of 1998/30 - t/(-5)?
2, 3, 11
Let k(v) = v**2 + 25*v - 95. Let y be k(-25). List the prime factors of (-37962)/y - -3*1/(-5).
3, 7, 19
Suppose 0 = -2*c - 39 + 51. Let b(x) = -x**2 + 8*x - 8. Let t be b(c). List the prime factors of (-1072)/(-20) + t/10.
2, 3
Suppose 4698*l = 4668*l + 1503270. List the prime factors of l.
3, 16703
Suppose -3*y - 3*c + 936 = -6*c, 596 = 2*y + 5*c. Let u = y - 112. List the prime factors of u.
2, 7
Let f = 229 - 229. Let p(b) be the first derivative of b**3/3 - b**2 + 205*b - 8. What are the prime factors of p(f)?
5, 41
Let y(k) be the second derivative of 19*k**3/3 + 31*k**2/2 + 18*k. What are the prime factors of y(6)?
7, 37
Let h be 6 - -1 - (18 + -15). Let v be 0/(h - (-2 - -5)). Suppose d - 45 - 92 = v. What are the prime factors of d?
137
Let b(o) = o**3 - 38*o**2 - 65*o + 5. Let l be b(40). List the prime factors of (l/2)/(23/46).
5, 11
Let s(n) = 56*n**2 + 59*n**2 - 6*n + 17 + 4*n - 112*n**2. What are the prime factors of s(-12)?
11, 43
Suppose -5776 = 15*c + 3854. Let y = 1274 + c. List the prime factors of y.
2, 79
Suppose 7306 - 32169 = -15*u + 49792. What are the prime factors of u?
3, 7, 79
Suppose -6 = -3*a + 12. Suppose -2*l - a = -0*l. List the prime factors of (-151)/(l + 4)*(-2 + 1).
151
What are the prime factors of (4 + (-384)/80)/(1/(-23740))?
2, 1187
Let w(u) = 216*u - 1302. List the prime factors of w(7).
2, 3, 5, 7
Suppose -d + 289 = -64. Let w = d - 137. List the prime factors of w.
2, 3
Suppose -2*g - 6*g + 59829 + 90691 = 0. What are the prime factors of g?
5, 53, 71
Suppose -6*w - 15 = -45. Suppose 3*l + 4*c - 425 = 0, w*l + c - 743 = 3*c. What are the prime factors of l?
3, 7
Let z(i) be the second derivative of -i**5/20 - i**3/3 - 43*i**2/2 - 9*i. Let b be z(0). Let l = 78 + b. List the prime factors of l.
5, 7
Suppose -h + 183 = 2*b, -2*b + 36 = 4*h - 138. Suppose 0 = -103*x + b*x + 1390. List the prime factors of x.
139
Let k be ((-4)/(-6))/((-11)/66). What are the prime factors of -1 + 7 - (-130 + k)?
2, 5, 7
Suppose -34*d + 32*d = m + 125, -137 = 2*d - 3*m. What are the prime factors of (-8)/(d/(-56)) + 54?
47
What are the prime factors of -6 - -10159 - 2 - 6/2?
2, 43, 59
Let r(o) = 50*o - 1265. Let c be r(28). Let z(w) = -2*w - 2. Let f be z(5). Let t = c + f. What are the prime factors of t?
3, 41
Let l = -49982 - -88261. List the prime factors of l.
101, 379
Let c(f) = -17*f + 2. Let z be